6*m. What is h(-1)?
-66
Let f(p) = p - 14. Give f(-10).
-24
Let a(d) = -7*d + 2. What is a(-8)?
58
Let k(c) = -4*c - 110. Calculate k(-27).
-2
Let q(o) = o - 6. Give q(5).
-1
Let s(t) = 20*t - 160. Determine s(8).
0
Let c(v) = 4*v + 5. Calculate c(-5).
-15
Let r(v) = 3*v**2 - v - 2. Determine r(3).
22
Let l(i) = i**3 - 13*i**2 - 4*i - 135. Calculate l(14).
5
Let g(m) = 2*m**2 + 2*m - 61. Give g(6).
23
Let v(p) = -14*p**3 - p**2 + p. Give v(1).
-14
Let m(l) = -12*l**2 - 1. Give m(1).
-13
Let u(j) = -j**3 + 14*j**2 + j - 17. Calculate u(14).
-3
Let a(h) = -6*h**2 - 28*h + 12. What is a(-5)?
2
Let o(d) = d**2 - d + 44. Calculate o(0).
44
Let f(g) = g**3 + 6*g**2 + 12. Calculate f(-7).
-37
Let c(a) = -7*a + 218. Give c(30).
8
Let n(m) = m**2 - 7*m - 10. Calculate n(7).
-10
Let n(a) = 3*a**2 - 28*a - 31. Give n(10).
-11
Let c(r) = -r**2 + r + 11. Give c(0).
11
Let t(o) = 9*o - 18. Determine t(-11).
-117
Let k(n) = n**3 - 7*n**2 + 11*n - 17. Give k(6).
13
Let r(h) = -h**2 - h + 1. What is r(2)?
-5
Let z(n) = n**2 - 10*n + 19. Determine z(3).
-2
Let v(r) = 2*r**3 - 6*r**2 - 8*r - 1. What is v(6)?
167
Let u(f) = -f**2 - f + 14. What is u(-5)?
-6
Let g(b) = b**2 + 3*b - 35. What is g(-7)?
-7
Let d(a) = a**2 + 8*a + 10. What is d(-5)?
-5
Let l(p) = p + 5. What is l(0)?
5
Let p(a) = a**2 - 2*a + 7. Determine p(4).
15
Let u(z) = 20*z**2 + z - 1. Calculate u(1).
20
Let t(p) = p**3 - 15*p**2 + 6*p + 35. What is t(14)?
-77
Let m(h) = h**2 - h. Calculate m(-1).
2
Let f(n) = n. What is f(-10)?
-10
Let g(x) = x**2 - 18. Determine g(0).
-18
Let b(y) = y**3 + 13*y**2 - 13*y + 31. Determine b(-14).
17
Let l(n) = -6*n + 11. What is l(-6)?
47
Let u(j) = 2*j**2 - 7. Give u(-5).
43
Let z(o) = -o**2 - 30*o - 4. What is z(-30)?
-4
Let h(l) = -2*l**2 + 49*l + 21. Calculate h(26).
-57
Let w(m) = 17*m + 114. Give w(-9).
-39
Let i(m) = 6*m**3 - m**2 - m + 2. What is i(1)?
6
Let i(d) = -2*d**2 + d + 87. Determine i(0).
87
Let u(s) = 10*s + 64. What is u(-6)?
4
Let l(d) = -d**3 - 11*d**2 - 3*d. Determine l(-11).
33
Let p(g) = -6*g**2 - 44*g - 13. Determine p(-7).
1
Let g(r) = r**3 + 7*r**2 - r - 1. Calculate g(-7).
6
Let k(y) = 4*y + 5. Calculate k(-3).
-7
Let f(p) = -2*p**2 - 13*p + 21. What is f(-8)?
-3
Let y(f) = f**3 + 11*f**2 + 9*f - 4. Determine y(-10).
6
Let d(g) = 4*g - 36. Calculate d(9).
0
Let c(n) = -3*n**2 + 66*n - 41. What is c(21)?
22
Let x(f) = -2*f**3 - 4*f**2 - f - 4. What is x(-3)?
17
Let r(g) = g**3 - 10*g**2 - 10*g + 3. What is r(11)?
14
Let p(d) = -d + 1. Determine p(-17).
18
Let c(j) = 2*j**3 + 29*j**2 + 12*j - 9. Determine c(-14).
19
Let l(o) = o**3 + o**2 - 2*o + 6. Calculate l(0).
6
Let g(n) = -n - 8. Determine g(-3).
-5
Let s(r) = -r + 24. Determine s(10).
14
Let r(k) = 2*k**2 + 37*k + 14. Calculate r(-18).
-4
Let z(f) = f**3 + 10*f**2 + 9*f - 3. Give z(-9).
-3
Let q(v) = -v**2 + 3*v + 3. Give q(4).
-1
Let c(p) = -p**2 + 14*p + 7. Determine c(15).
-8
Let v(n) = -10*n - 249. What is v(-24)?
-9
Let p(v) = -v**3 + 11*v**2 + v - 3. What is p(11)?
8
Let f(g) = -g**2 + 7*g - 1. Determine f(9).
-19
Let y(p) = 2*p**2 + 49*p + 27. What is y(-22)?
-83
Let p(n) = 9*n - 191. Determine p(20).
-11
Let h(s) = s**3 - 8*s**2 - s + 7. Give h(8).
-1
Let c(p) = -3*p**3 - 2*p**2 + 5*p + 8. Determine c(-3).
56
Let v(g) = 2*g**2 - 40*g. What is v(20)?
0
Let j(c) = -5*c - 49. Determine j(-8).
-9
Let p(q) = 3*q + 6. Determine p(-1).
3
Let r(x) = x**2 - 30*x + 84. What is r(27)?
3
Let v(r) = -r - 3. Calculate v(16).
-19
Let n(h) = 2*h**3 + 3*h**2 + 3*h + 5. Determine n(-2).
-5
Let z(o) = -39*o + 414. Calculate z(11).
-15
Let q(p) = p**3 + 4*p**2 - p - 7. Calculate q(-4).
-3
Let b(a) = -11*a**2 + 3*a - 5. Determine b(3).
-95
Let o(s) = -2*s**2 + 35*s - 17. Determine o(17).
0
Let s(t) = t**2 + 14*t + 35. Calculate s(-13).
22
Let j(g) = -2*g**2 - 4*g + 2. What is j(0)?
2
Let q(l) = -l**3 + 9*l**2 + 23*l - 3. Calculate q(11).
8
Let x(b) = -b**2 + 5*b + 338. Calculate x(-16).
2
Let h(o) = 9*o - 55. What is h(6)?
-1
Let o(w) = w**2 - 3*w - 1. Calculate o(2).
-3
Let v(w) = 3*w + 3. What is v(-1)?
0
Let s(k) = 3*k**2 + 10*k - 2. Determine s(-3).
-5
Let t(x) = x**3 - 11*x**2 + 12*x - 35. What is t(10)?
-15
Let t(j) = 4*j - 1. Give t(-4).
-17
Let y(l) = -13*l + 4. Determine y(3).
-35
Let q(i) = -i**3 + 9*i**2 - 9*i - 5. Determine q(8).
-13
Let z(t) = t**2 + 5*t + 2. Determine z(-3).
-4
Let r(y) = 2*y**3 - 2*y**2 - 3*y - 8. Give r(3).
19
Let k(w) = -2*w**2 - 3*w + 3. Calculate k(1).
-2
Let p(u) = u**3 - 6*u**2 + 10*u + 1. Calculate p(4).
9
Let k(o) = 2*o**2 - o + 2. What is k(1)?
3
Let j(b) = b**2 - 7*b + 5. Calculate j(7).
5
Let d(c) = -c**3 + 2*c**2 + 4*c + 5. Give d(-2).
13
Let x(c) = 10*c**3 + 2*c**2 + c - 2. What is x(1)?
11
Let x(p) = 2*p**3 + 16*p**2 - 20*p - 12. What is x(-9)?
6
Let b(l) = -l**3 + 6*l**2 - 6*l - 2. What is b(5)?
-7
Let f(r) = r**2 - 8*r - 11. Calculate f(8).
-11
Let s(a) = 188*a**3 - a**2 - a + 2. Give s(1).
188
Let y(a) = 3*a - 2. Calculate y(-3).
-11
Let b(u) = 8*u - 54. Determine b(6).
-6
Let t(v) = v**3 - 3*v**2 - 10*v. What is t(5)?
0
Let n(j) = -j**2 - 11*j + 43. Give n(-13).
17
Let a(q) = q**2 - 28*q + 51. Calculate a(26).
-1
Let d(p) = p**3 - 4*p**2 + p + 1. Give d(4).
5
Let h(y) = 4*y - 4. Calculate h(11).
40
Let d(m) = -18*m - 173. Calculate d(-9).
-11
Let x(y) = y**3 - 11*y**2 + 30*y + 11. Determine x(5).
11
Let l(u) = u**2 - 19*u - 41. Give l(20).
-21
Let c(u) = -2*u + 31. Determine c(0).
31
Let b(q) = -5*q - 3. What is b(-2)?
7
Let u(x) = 15*x**2. Determine u(-1).
15
Let y(u) = -3*u**3 - u**2 + 2*u + 3. Determine y(-1).
3
Let o(m) = 4*m - 14. Give o(5).
6
Let j(y) = y**3 - 5*y**2 + 3*y - 9. Determine j(3).
-18
Let z(l) = -l**3 + 27*l**2 + 30*l - 68. Calculate z(28).
-12
Let r(s) = s**3 - 8*s**2 - 8*s - 11. What is r(9)?
-2
Let w(j) = 5*j - 73. Calculate w(17).
12
Let i(m) = m**3 - 5*m**2 + 6*m - 3. What is i(2)?
-3
Let m(o) = -8*o + 112. What is m(14)?
0
Let j(q) = -q**3 - 18*q**2 - 14*q + 38. What is j(-17)?
-13
Let j(a) = -a**3 + 6*a**2 + 7*a - 17. Determine j(7).
-17
Let z(l) = -l**3 + 16*l**2 + 14*l + 75. What is z(17)?
24
Let i(b) = 2*b**2 + 7*b - 51. What is i(-9)?
48
Let j(d) = -d**3 + d**2 + 10*d + 4. Calculate j(-4).
44
Let i(t) = -t**3 + 5*t**2 + 7*t - 8. What is i(5)?
27
Let f(x) = 5*x + 10. What is f(0)?
10
Let u(h) = 12*h - 8. Give u(4).
40
Let i(j) = 17*j**2 - 116*j - 15. Calculate i(7).
6
Let p(b) = -b**3 + 5*b**2 + 4*b - 8. Determine p(6).
-20
Let z(u) = -u**3 - 8*u**2 - 8*u + 9. Calculate z(-7).
16
Let s(i) = i**3 + 8*i**2 + 7*i - 4. Determine s(-7).
-4
Let q(z) = -z**2 + 11*z + 10. Determine q(10).
20
Let j(g) = -10*g + 79. What is j(11)?
-31
Let o(r) = -3*r + 72. Calculate o(26).
-6
Let r(u) = -2*u**2 + 9*u - 4. Calculate r(5).
-9
Let m(j) = j + 20. Determine m(-11).
9
Let i(h) = -h**3 + 2*h**2 - 3. Calculate i(4).
-35
Let n(a) = a**2 + 5*a - 2. What is n(-6)?
4
Let g(i) = -i**2 - 14*i + 38. Determine g(-17).
-13
Let j(t) = -t**3 + 5*t**2 + 15*t - 14. Determine j(7).
-7
Let n(p) = p**2 - 19*p + 24. Determine n(13).
-54
Let u(c) = -c**3 - 12*c**2 - 18*c + 22. Give u(-10).
2
Let g(v) = -2*v**2 + 100*v + 311. What is g(-3)?
-7
Let g(v) = -12*v + 110. Give g(9).
2
Let p(c) = -c**3 + 3*c**2 + 11*c - 9. Give p(5).
-4
Let l(n) = -n**2 + 7*n - 4. Calculate l(6).
2
Let g(r) = -7*r**2 + 35*r + 41. Calculate g(6).
-1
Let c(s) = -s**2 + 2*s + 8. Give c(5).
-7
Let y(r) = -r**2 - 15*r + 8. Give y(-15).
8
Let c(y) = -3*y**2 + 4*y - 1. Determine c(3).
-16
Let b(h) = -h**2 - 12*h - 40. Give b(-9).
-13
Let g(q) = -q**3 - 7*q**2 + 8*q + 9. Calculate g(-8).
9
Let r(g) = -4*g**3 - 10*g**2 + g + 2. Determine r(-3).
17
Let i(o) = o**2 - 17*o + 78. Give i(11).
12
Let n(h) = h**3 - 2*h**2 - 3*h + 4. Determine n(2).
-2
Let w(z) = -z**2 + 6*z - 1. Determine w(6).
-1
Let f(r) = -r + 20. Calculate f(12).
8
Let q(g) = -44*g**3 + 2*g**2 - 1. Calculate q(1).
-43
Let x(c) = 4*c - 12. Give x(6).
12
Let i(j) = 2*j - 6. Calculate i(-3).
-12
Let y(g) = -2*g**2 + 52*g - 48. Determine y(25).
2
Let f(t) = -t**2 - 14*t + 168. Determine f(-22).
-8
Let z(l) = l - 22. Determine z(10).
-12
Let l(k) = -k**3 - 3*k**2 + 2*k + 7. Determine l(-3).
1
Let w(r) = 2*r**3 - 5*r**2 - 6*r + 11. Calculate w(4).
35
Let w(t) = t**2 + 4*t - 7. Determine w(3).
14
Let c(z) = z**3 + 4*z**